Suppose -5*w = 2*j - 5638, 2*j - 6406 + 752 = 3*w. Suppose -5*r - 2*h = -4707, r + j = 4*r + h. What are the prime factors of r?
941
List the prime factors of 2794 + (2 - (2 + -1))/1.
5, 13, 43
Let j(l) = l**2 + 1. Let v be j(3). Suppose -r + v = -d + 2*d, -3*d = 6. Let p(b) = b**2 - 7*b + 17. What are the prime factors of p(r)?
7, 11
Suppose -13*o + 41938 = -9*o - k, 3*o - 3*k = 31458. List the prime factors of o.
2, 2621
Let r(g) = -g**3 + 23*g**2 - 10*g + 328. List the prime factors of r(11).
2, 5, 167
Let g be 5*-1 - (-26 - -27). Let l(z) = -z**2 - 11*z - 27. Let b be l(g). What are the prime factors of (-46 - -6)/(b/(-12))?
2, 5
Suppose 240*q - 768 = 232*q. What are the prime factors of -3 - (3153/(-8) + 12/q)?
17, 23
Suppose -3*z = -w - 4*z + 152, -2*w - 5*z = -307. Suppose -2*h = 2*l - 289 - w, 215 = h + 2*l. List the prime factors of (-3 + (-5)/(-3))*h/(-6).
2, 5
Let s = -57 - -63. Suppose 4*t - 5*n = 826, -s*n + 1055 = 5*t - n. What are the prime factors of t?
11, 19
Suppose -a = 0, a + 7 = i + 10. List the prime factors of 2 + 3 + i + 1023.
5, 41
Let o = 1097 - -25976. List the prime factors of o.
27073
Suppose 72 = 4*g + 2*q, 0*g + 3*q + 90 = 5*g. Suppose 0 = -s + 4*a + g + 21, 2*a + 147 = 3*s. Let h = s - 46. What are the prime factors of h?
5
Suppose 4*w - 5*j - 15 = 9*w, -j = 4*w + 3. Suppose -o + 27 - 13 = w. List the prime factors of ((-1116)/o)/(-1) + (-20)/(-70).
2, 5
Suppose 42 = 3*r - 9*r. Let m(f) = -f**2 - 9*f - 12. Let k be m(r). Suppose -4*l + k*l - 5*z = -161, l - 3*z = 75. List the prime factors of l.
2, 3, 13
Let v be (-15)/(-30) - 5/(-2). Suppose -v*g + 1665 = d, -17*d - 2207 = -4*g - 14*d. What are the prime factors of g?
2, 277
Let o(u) = 82*u**3 - 11*u**2 - 23*u + 254. List the prime factors of o(6).
2, 2179
Let z = 3128 - -5789. What are the prime factors of z?
37, 241
Suppose -26 - 5 = -r - 4*i, -3*r = 4*i - 69. List the prime factors of r/(-57) + 2041/3.
2, 5, 17
Let y = 38 + -44. Let m be (-9)/y + 285/2. Suppose -2*v - 3*v = 3*g - 720, v - g = m. What are the prime factors of v?
2, 3
Let r(d) = 105*d - 237. Let t be r(-11). Let x = -917 - t. What are the prime factors of x?
5, 19
Let i(f) = -f**3 - 83*f**2 - 114*f - 248. What are the prime factors of i(-83)?
2, 17, 271
Let s be (-2840)/2*1 - (-12)/(-3). Let l be (-5 - (-46)/8)*s. What are the prime factors of ((-6)/(-4))/(((-42)/l)/7)?
3, 89
Let z(i) = -i**3 + 9*i**2 - 8*i - 28. Let u be z(7). Let f(d) = 81*d + 39. List the prime factors of f(u).
3, 17, 23
Suppose -11*i = -12*i - 7*i + 15104. List the prime factors of i.
2, 59
Suppose 2*b - 4*r - 14 = 0, -4*b - 6 + 8 = 5*r. Suppose b*g = 7*g + 5*k - 1451, 2*g = 4*k + 732. List the prime factors of g.
2, 7, 13
Suppose 6*w - 1668 = -108. Suppose 4*i = -12, -w = -f - i + 4*i. What are the prime factors of f?
251
Suppose 2*u = -7*j + 5*j + 81100, 2*j = u - 40553. List the prime factors of u.
3, 7, 1931
Suppose 3*q - 4*q - 54 = 5*k, -5*q = -5*k - 60. Let x(g) = -g - 7. Let z be x(k). Suppose 4*l - 56 = z*f, -7*f = -l - 5*f + 13. List the prime factors of l.
3, 5
Let h(m) = -18*m**3 + 2*m**2 - 3*m - 2. Let g(v) = v**2 + 3*v - 4. Let f be g(0). List the prime factors of h(f).
2, 3, 199
Suppose 2*t = p - 9834 - 1953, 0 = 4*t + 20. What are the prime factors of p?
11777
Suppose 52 = -i + 5*p + 30, 0 = -i + 3*p - 12. What are the prime factors of (-3 + (-380)/5)/(-4 + i)?
79
Let w(p) = 80*p - 27. Let s be w(2). What are the prime factors of ((-135)/4)/(s/(-112) - -1)?
2, 3, 5
Let t(s) = -4*s**2 - 7*s + 7. Let u be t(1). Let c(w) = -96*w + 17. What are the prime factors of c(u)?
401
List the prime factors of 855/(-2052) + 414737/12.
17, 19, 107
Let i be -1*((-9)/(-3))/(3 + -4). Let y(n) = 46*n - 7. Let s be y(i). Suppose 5*h - s = t - 4*t, 72 = t - 4*h. List the prime factors of t.
2, 13
Let s(a) = -1575*a**3 + 5*a**2 + a - 1. Let i be s(-1). What are the prime factors of 1/(-2 - (-3162)/i)?
263
Suppose -2*w + 13 - 7 = 0. Suppose -11 = 5*o + w*z, -o - 13 = 3*z - 6*z. What are the prime factors of 34/(1*(5 + o))?
2, 17
Let z(w) = w - 41. Let b(o) = o - 41. Let m(v) = -4*b(v) + 5*z(v). Let n be m(19). Let r = 104 - n. What are the prime factors of r?
2, 3, 7
Suppose -51*s + 120062 + 3630 = -17*s. What are the prime factors of s?
2, 17, 107
Suppose 4*m + 36 = 44. Suppose m*g + 4*z = 1562, -1169 = -2*g + 2*z + 375. List the prime factors of g.
5, 31
Suppose -4*o - 12 = -4*s, 2*o = 3 + 5. Suppose 0 = 4*r + s*r - 11440. What are the prime factors of r?
2, 5, 13
Let f = -478 - -871. Let s = f - -452. What are the prime factors of s?
5, 13
Let z(c) = -9*c - 7*c + 8*c**2 + c**3 + 10 - 5*c + 14*c. Let g be z(-9). What are the prime factors of 1065/10 - 12/g?
2, 3
Let i be (-60)/18*(-6)/5. Suppose 310 + 650 = i*y. What are the prime factors of y?
2, 3, 5
What are the prime factors of -7 - (-2 - 1680)/(-5 - (-85)/15)?
2, 17, 37
Let x = 39 + -37. Let l be -6*(x/3)/(1 + -3). Suppose l*u - 6*u = -268. List the prime factors of u.
67
Let y(n) = n + 5. Let a be y(0). Suppose -h + 9 = 2*g, a*h + 3*g = 32 - 1. Suppose 3*u - u + 438 = 5*m, 0 = h*u + 20. List the prime factors of m.
2, 43
Let l = 25946 - 13031. What are the prime factors of l?
3, 5, 7, 41
Let i = -1452 + 1552. Suppose 0 = -2*c + 4*c + 8, n - 3*c - 13 = 0. What are the prime factors of n/(-3 + 304/i)?
5
What are the prime factors of 15983/55 + 40/(-25)?
17
Let m(v) be the second derivative of 11*v**4/12 + 7*v**3 - 2*v**2 + 16*v. What are the prime factors of m(-9)?
509
Let p = 43769 + 7007. What are the prime factors of p?
2, 11, 577
Let u(z) = z**2 - z. Let n(w) = 3*w**2 + 5*w. Let j(l) = -n(l) + 4*u(l). Suppose 2*m - 4*a - 34 = 0, -4*m - 4*a = -5*m + 23. What are the prime factors of j(m)?
2, 11
Suppose 2*t - 18126 = n, 17994 = 5*t - n - 27321. What are the prime factors of t?
3, 19, 53
Let n(g) be the third derivative of -g**6/120 + 7*g**5/60 + g**4/24 - 4*g**3/3 - 14*g**2 + 1. What are the prime factors of n(5)?
47
Let g(j) = -42 - 60 + 148 + 134*j. List the prime factors of g(11).
2, 5, 19
Suppose 0 = -3*g - 30*g + 495. Let c(d) = 6*d**2 - 18*d - 22. List the prime factors of c(g).
2, 23
Suppose 258 = -7*n - 540. Let u = n - -114. Suppose -5*m = -15, 0 = 4*a + 2*m - u*m - 750. List the prime factors of a.
2, 3, 31
Let s be 6/(-18)*6 - -5. Suppose s*c + 4*j = 2690, -c + 5*j = -4*c + 2689. What are the prime factors of c?
2, 449
Let w(o) = -32*o**2 - 3*o + 1. Let l be w(-2). Let c = l + -152. Let n = c - -424. List the prime factors of n.
151
Suppose -p - 15 = 5*u, 2*u - 9 = -p + 3*u. Suppose 4*l - 7 = -4*x + p, l - 5 = -2*x. Suppose -84 = -x*s + s. What are the prime factors of s?
2, 3, 7
Suppose 37574 = 2*w - 6*a + 9160, 0 = -w + 5*a + 14195. List the prime factors of w.
5, 569
Suppose 5*o - 537 = 883. Suppose 6*t - 2278 = o. What are the prime factors of t?
7, 61
Let l(v) = 8*v**2 + 18*v - 54. Let p = 209 - 203. List the prime factors of l(p).
2, 3, 19
Let d(u) = 101*u + 7. Let m(i) = -26*i - 2. Let o(z) = -6*d(z) - 22*m(z). What are the prime factors of o(-15)?
2
Suppose 4*k - 2*a + 8 = 0, 0 = -3*a - 1 + 13. Suppose k*o = -8*o + 1080. List the prime factors of o.
3, 5
Suppose 23*a = -a + 12984. Suppose 323 = 8*b - a. List the prime factors of b.
2, 3
Let q = 9 + 0. Let g(u) = -u**2 + 18*u + 6. Let i be g(q). Let z = i + 130. What are the prime factors of z?
7, 31
Let s(q) = -5*q**2 + 27*q + 3906. List the prime factors of s(0).
2, 3, 7, 31
What are the prime factors of ((-18)/(-15))/(255/547400)?
2, 7, 23
Suppose 3*v + 22 = d, -2*d + 2*v + 16 + 8 = 0. Let a(q) = 30*q**2 - 28*q + 26. What are the prime factors of a(d)?
2, 5, 13
Let p = -849 + 4409. List the prime factors of p.
2, 5, 89
Suppose 50*i + 8646 = 52*i. Suppose -9*j + i + 2535 = 0. List the prime factors of j.
2, 3, 127
Let f(y) = y**3 + y**2 - 2*y. Let a be f(2). Let n(q) = -q**2 + 9*q - 8. Let u be n(a). Suppose u = 14*c - 10*c - 16. What are the prime factors of c?
2
Let a be (-11)/((-99)/(-6))*-18. Suppose i - 2374 = -4*s, 2*s - 7*i - 1196 = -a*i. What are the prime factors of s?
593
List the prime factors of 1*10717 + -134 + 130.
3, 3571
Suppose -i = 4*d + 6, 4*i - 6*i = -4*d - 12. Suppose y - 761 = -3*k, 0*y = -i*y - 8. List the prime factors of k.
3, 5, 17
Let s(a) = -4*a**2 + 18*a - 527. Let p(l)